
Let v(l) = -l**2 - 5*l + 10. Let h be v(-6). Suppose -163 - 49 = -h*x. Is 5 a factor of x?
False
Let b(p) = -2*p - 2. Suppose 5*x = 2*x - 12. Let v be 21/(-36)*-3*x. Does 4 divide b(v)?
True
Suppose -5*y = -6*k + 4*k + 79, 4*k + 22 = -2*y. Let r(p) = p + 2*p - 7*p. Is r(y) a multiple of 15?
True
Suppose 2*p - 4*f - 788 = 0, 4*p + 25*f - 1594 = 24*f. Is 14 a factor of p?
False
Let i(w) = 2*w**3 + 5*w**2 + 2*w. Let d be i(-2). Suppose 9*x + 5*l = 4*x + 165, d = -2*x - l + 62. Does 6 divide x?
False
Suppose -13*q = -11*q. Suppose -3*p + 16 - 1 = q. Suppose -6*d + 2*d + 4*o = -104, 0 = p*d - 4*o - 129. Is d a multiple of 7?
False
Let m = -16 - 47. Let s(q) = -5*q**3 + 3*q**2 + 4*q - 8. Let k be s(2). Let z = k - m. Does 16 divide z?
False
Is 25 a factor of (-899)/(-2)*(-6 - (6 + -14))?
False
Suppose 0 = -33*k + 52*k - 5301. Is 11 a factor of k?
False
Let m(j) = -j**3 - 7*j**2 + 13*j - 27. Is 16 a factor of m(-12)?
False
Let m = 26 - 4. Is 2 a factor of m?
True
Is 23 a factor of 3172/3*(-2 - (-42)/12)?
False
Is 17 a factor of 68*(95/10 - 9)?
True
Let n(h) = -h**2 + 25*h - 10. Let f(i) = -i**2 + 20*i - 29. Let w be f(17). Does 8 divide n(w)?
True
Let h = -942 + 1862. Does 23 divide h?
True
Let y = 3 - -13. Suppose 7*p - 8*p - y = 0. Is (p/(-6))/((-4)/(-144)) a multiple of 16?
True
Suppose -s + 0*d - 5*d + 16 = 0, -4*d + 24 = -2*s. Let c = s + 7. Suppose 4*h - 68 = -2*r, -c*r - 5*h + 45 = -55. Does 25 divide r?
False
Suppose 2*s = -0*s + 456. Suppose -4*x + s = 2*x. Is x a multiple of 9?
False
Suppose -4*w + 0*l + 456 = 5*l, -5*w = -l - 570. Is w a multiple of 4?
False
Suppose -4*f = -4*n, 2*n - f = 2*f. Suppose n = 2*v - v. Suppose v*c = 2*c - 72. Is 12 a factor of c?
True
Suppose -3*m - a + 116 = 0, -4*a + 196 = 5*m - 5*a. Is m a multiple of 11?
False
Let r be (-2 + 2 + -2)/((-6)/9). Suppose 0 = r*a + 5*c - 640, 0*c + c - 632 = -3*a. Is 14 a factor of a?
True
Suppose i - 3*t - 73 = 0, -5*t + 238 = 4*i - 37. Suppose 11*s = 16*s - i. Is 11 a factor of s?
False
Let a(t) = -t - 6. Let l = -5 + -1. Let r be a(l). Suppose r = -x - 4*x + 25. Is x a multiple of 2?
False
Suppose 48 = 4*l - 4*o, 0 = 2*l + 2*o - 1 - 7. Suppose 5*m - l + 18 = 0. Is 5 a factor of -14*(12/8 + m)?
False
Suppose -5*l + 290 + 368 = 3*a, -l + 127 = -4*a. Let c = l + -86. Is c a multiple of 21?
False
Is (-18148)/(-5) + (-18)/(-45) a multiple of 11?
True
Let q = -141 - -73. Let v(g) = -3*g**3 - g**2 + g - 2. Let k be v(2). Let u = k - q. Is u a multiple of 11?
False
Let j(i) = i**2 - 3*i + 4. Let t be j(3). Suppose -u = t*u. Suppose 0 = -4*y + 16, 0 = -3*q - u*q + 3*y + 78. Is q a multiple of 15?
True
Does 19 divide 326 + (-2 - 9/(-6)*4)?
False
Suppose 3*v + 1 = 16. Suppose 4*n + l = -59, 0 = 3*n - 8*n + v*l - 105. Let c = 26 + n. Is 8 a factor of c?
False
Let t(k) = -5 - 6*k - 7 - 4*k - 2*k. Is 8 a factor of t(-10)?
False
Suppose -q = 2*b + 4*q + 7, -3*b - 2*q + 6 = 0. Is (3/(-6))/(b/(-88)) a multiple of 5?
False
Suppose 0 = r - 5*q - 9, 10*r = 5*r - 3*q + 129. Let w be (0 + 0)/((-12)/6). Suppose v - 5*v + r = w. Is 6 a factor of v?
True
Let s(l) = -l - 4. Let y = 1 - 1. Let o be s(y). Is 15 a factor of ((-30)/9)/(o/18)?
True
Suppose j - 79 = -t, 0 = -4*t + 3*t + 5*j + 67. Suppose -11*d + 14*d + 69 = 0. Let v = d + t. Is v a multiple of 9?
True
Suppose 21*v = -3*p + 25*v + 8698, 4*p - 5*v - 11596 = 0. Is p a multiple of 100?
False
Let m(x) = -18*x**2 - 2*x + 1. Let t be m(2). Let w = 48 - t. Is w a multiple of 19?
False
Let o(c) = -3*c - 17. Let y be o(0). Let n = y + 32. Suppose -21 = -l + n. Is l a multiple of 18?
True
Suppose y + 7 = -1. Let o = 13 + y. Suppose 0 = o*l - 2*j - 285, 6*l - 3*j - 280 = l. Is l a multiple of 17?
False
Suppose 0 = -4*l - 2*a + 3370, 3*a - 35 = -20. Does 24 divide l?
True
Suppose -l = 3*i + 7, -3 - 14 = 4*l + i. Let q = 17 - l. Is q a multiple of 3?
True
Suppose 2*o - 159 = -o. Let m = o - 32. Is m a multiple of 7?
True
Let o = -147 - -195. Does 7 divide o?
False
Let i(y) = -35*y - 1. Let a(l) = 17*l + 1. Let x(g) = -13*a(g) - 6*i(g). Is 8 a factor of x(-5)?
True
Let f(l) = -8*l - 5 + 17 - 7. Let o be f(-5). Let x = -27 + o. Is x a multiple of 16?
False
Suppose 5*k = -h + 1639, -4*h = 4*k + 353 - 1661. Is k a multiple of 8?
True
Let v(z) = 5*z**3 - 3*z**2 + 19*z - 33. Is 26 a factor of v(5)?
False
Let g = 36 + -72. Let c be (-11 - -12)/((-3)/6). Does 2 divide g/(-7) - c/(-14)?
False
Suppose 2*a = 6 - 2. Let j be -3 + 16*3/a. Let q = j - -27. Is q a multiple of 12?
True
Let f = -1481 - -1719. Is 2 a factor of f?
True
Let z = 1 - -7. Is ((-159)/1)/((-12)/z) a multiple of 15?
False
Let c(j) = j**2 + 6*j - 18. Let d be c(-9). Suppose -2*y = -d*y. Suppose y = 4*v - 318 - 46. Does 13 divide v?
True
Suppose -9*w = -15*w + 1584. Is w a multiple of 3?
True
Does 4 divide 23 + -27 + 17*11?
False
Let s(o) = 153*o - 50. Let p(c) = 51*c - 17. Let w(m) = 8*p(m) - 3*s(m). Is w(-2) a multiple of 29?
True
Suppose 15*k - 1533 + 408 = 0. Is 5 a factor of k?
True
Suppose t = 2*q + 63, t = -0*t - 2*q + 63. Let v be 2/(-8) + t/12. Suppose -136 - 74 = -v*s. Does 14 divide s?
True
Suppose -5*c = 3*x - 102, -x = -4*c - 36 + 2. Let q = x + -73. Let o = -30 - q. Is o even?
False
Suppose 3*j = 26 + 955. Is 45 a factor of j?
False
Let z be 18/(-27)*30/4. Let q = z + 8. Suppose -3*n + 34 = -3*h + 4*h, 0 = q*n - 3*h - 18. Does 5 divide n?
True
Is 19 + -10 + -1 - -199 a multiple of 11?
False
Let x(t) = 6*t - 14. Let o be 2/11 - (-106)/22. Does 8 divide x(o)?
True
Let n(t) = t**2 + 2*t + 15. Is 35 a factor of n(-15)?
True
Suppose 4*z - 122 = -42. Suppose 4*v + 16 = 5*n - z, -8 = 2*n + 4*v. Suppose 0 = -n*p, 0*a - a = 2*p - 108. Is a a multiple of 18?
True
Let k(w) = 4*w**2 + 2*w - 19. Let r be k(-4). Suppose -4*m = 3*s - 130, -7*s + 5*m = -6*s - r. Is s a multiple of 14?
True
Let x(w) = -7*w**3 + 5*w**2 + 4*w + 2. Is 55 a factor of x(-3)?
False
Does 91 divide ((-8)/(-24))/(1/6297) + -6?
True
Suppose 0 = k - 57 + 53. Suppose 5*z = -k*u + 115, 0 = 2*u - z - 0*z - 47. Is 3 a factor of u?
False
Does 31 divide 3/(1 - 740/744)?
True
Is 2/(4/646) + -43 + 35 a multiple of 9?
True
Suppose 7*x = -3*x + 40. Suppose 0 = -4*k - x*g + 118 + 710, 0 = -5*k + 3*g + 1043. Is k a multiple of 12?
False
Suppose 66*j - 67*j + 202 = 0. Let p = 283 - j. Is 9 a factor of p?
True
Suppose 2*m - 21*p + 20*p - 3443 = 0, 3*m - 5169 = -3*p. Is m a multiple of 16?
False
Let i(k) = -k**3 - 16*k**2 + 3*k + 50. Let d be i(-16). Suppose 0 = d*g + g - 9, g = 3*o - 153. Is o a multiple of 13?
True
Suppose 0 = 3*d + 2*k - 654, -4*k + 3 = -9. Let o = 304 - d. Is o a multiple of 8?
True
Suppose -4*m + 3*y + 14 = 0, 4*y + 8 = 4*m - 8. Suppose 0 = -w + m, -62 = -4*o - 0*o - 5*w. Is o a multiple of 4?
False
Suppose -4*v - 2*w + 4 = -0*v, v = w + 4. Suppose 3*y - 104 + 17 = -3*p, -3*p + v*y + 62 = 0. Is 692/p - (-1)/6 a multiple of 12?
False
Let r(x) = 2*x**2 - 27*x + 12. Suppose 28 = 2*h - 3*j, -3*h + 7*h - 56 = -j. Does 14 divide r(h)?
False
Let o(c) = -c + 8. Let f be o(-17). Let b(q) = -q + 46. Does 3 divide b(f)?
True
Let b(q) = q**3 - 10*q**2 + 12*q - 13. Let m be b(9). Let n be m/(-7)*9/(-2). Is 15 a factor of ((-6)/n)/((-4)/282)?
False
Suppose 11*n = 9*n + 8. Suppose 4*v + 5*c - 138 = 0, -4*c + 228 = n*v + 92. Is v a multiple of 18?
False
Suppose 23*x = 58*x - 5915. Is x a multiple of 13?
True
Let j = 3 + 26. Let k = -5 + j. Is k a multiple of 6?
True
Let j = -4895 + 9559. Does 22 divide j?
True
Suppose -5*a = -0 - 10. Suppose a*t = t + 2. Suppose t*x - 26 = -5*j, 0*x + x + 4*j = 19. Is 3 a factor of x?
True
Let k(z) = z**2 + z - 1. Let y(p) = 17*p**2 + 2*p - 3. Let r(o) = 2*k(o) - y(o). Let h be r(-1). Let j(u) = -u**2 - 17*u + 11. Is j(h) a multiple of 14?
False
Let l be (20/(-15))/((-2)/(-36)*-1). Is -1*((-16)/l)/((-4)/(-1398)) a multiple of 21?
False
Let r(n) = 76*n + 17. Let w be r(-7). Let d = w - -866. Is d a multiple of 13?
True
Let n = -2 + 6. Suppose -6*s + 3*s + 22 = -n*u, 0 = 5*u + 20. Suppose s*c + c = 150. Does 15 divide c?
False
Let r be -246 - -2*3/2. Let i be ((-10)/3)/(18/r). Suppose 0 = -18*a + 23*a - i. Is 2 a factor of a?
False
Suppose 3*i - 5*i - 27 = -3*k, -2*k - 4*i + 34 = 0. Let f(a) = a - 1. Let y be f(k). Is 4 a factor of y - 2 - 1/1?
False
Let r(u) be the third derivative of 5*u**8/4032 + 